{"id":123,"date":"2019-11-12T14:27:33","date_gmt":"2019-11-12T13:27:33","guid":{"rendered":"https:\/\/www.ferienwohnungen-brigitte-reutte.com\/?page_id=123"},"modified":"2021-11-23T15:49:34","modified_gmt":"2021-11-23T14:49:34","slug":"impressum","status":"publish","type":"page","link":"https:\/\/www.ferienwohnungen-brigitte-reutte.com\/en\/impressum\/","title":{"rendered":"Impressum"},"content":{"rendered":"<div class=\"wpb-content-wrapper\"><p>[vc_row full_width=&#8221;stretch_row&#8221;][vc_column][vc_single_image image=&#8221;15&#8243; img_size=&#8221;full&#8221;][\/vc_column][\/vc_row][vc_row css=&#8221;.vc_custom_1573552220657{margin-top: -90px !important;}&#8221;][vc_column width=&#8221;1\/6&#8243;][\/vc_column][vc_column width=&#8221;2\/3&#8243;][vc_row_inner][vc_column_inner enable_column_shadowbox=&#8221;yes&#8221; css=&#8221;.vc_custom_1573552175175{padding-top: 20px !important;padding-right: 20px !important;padding-bottom: 20px !important;padding-left: 20px !important;background-color: #ffffff !important;}&#8221; column_box_shadow=&#8221;%5B%7B%22x_offset%22%3A%220px%22%2C%22y_offset%22%3A%220px%22%2C%22blur_radius%22%3A%2215px%22%2C%22spread_radius%22%3A%220px%22%2C%22shadow_color%22%3A%22rgba(43%2C%2043%2C%2043%2C%200.23)%22%7D%5D&#8221;][vc_column_text]<\/p>\n<h2 style=\"text-align: center;\">Datenschutzbestimmungen<\/h2>\n<p style=\"text-align: center;\"><span style=\"font-size: 24px; color: #8dc63f;\">Stand 2019<\/span><\/p>\n<p>[\/vc_column_text][\/vc_column_inner][\/vc_row_inner][\/vc_column][vc_column width=&#8221;1\/6&#8243;][\/vc_column][\/vc_row][vc_row][vc_column][vc_empty_space height=&#8221;45px&#8221;][\/vc_column][\/vc_row][vc_row][vc_column][vc_column_text]<\/p>\n<p style=\"text-align: center;\">Haus Brigitte &#8211; Familie Mauracher<br \/>\nThanellerstra\u00dfe 17<br \/>\nA-6600 Pflach<\/p>\n<p style=\"text-align: center;\">E-Mail: mauracher.rene@gmail.com<br \/>\nTel: +43 699 11352211<\/p>\n<p style=\"text-align: center;\"><strong>Inhaber:<\/strong><\/p>\n<p style=\"text-align: center;\">Roland\u00a0Mauracher<br \/>\nThanellerstra\u00dfe 17<br \/>\nA-6600 Pflach<\/p>\n<p style=\"text-align: center;\">Tirol\/\u00d6sterreich<\/p>\n<p style=\"text-align: center;\"><strong>Registereintrag:<\/strong> Eintragung Reutte<br \/>\n<strong>UID:<\/strong> ATU31243106<\/p>\n<div id=\"cc-m-13805940035\" class=\"j-module n j-imageSubtitle\" style=\"text-align: center;\">\n<figure class=\"cc-imagewrapper cc-m-image-align-1\"><img decoding=\"async\" id=\"cc-m-imagesubtitle-image-13805940035\" src=\"https:\/\/image.jimcdn.com\/app\/cms\/image\/transf\/none\/path\/s18f5f46c85d2a8bd\/image\/i976856770bb34e4a\/version\/1515299849\/image.gif\" sizes=\"(min-width: 169px) 169px, 100vw\" srcset=\"https:\/\/image.jimcdn.com\/app\/cms\/image\/transf\/none\/path\/s18f5f46c85d2a8bd\/image\/i976856770bb34e4a\/version\/1515299849\/image.gif 169w\" alt=\"\" name=\"cc-m-imagesubtitle-image-13805940035\" data-image-id=\"8514722835\" data-src=\"https:\/\/image.jimcdn.com\/app\/cms\/image\/transf\/none\/path\/s18f5f46c85d2a8bd\/image\/i976856770bb34e4a\/version\/1515299849\/image.gif\" data-src-height=\"23\" data-src-width=\"169\" data-pfsrc=\"https:\/\/image.jimcdn.com\/app\/cms\/image\/transf\/none\/path\/s18f5f46c85d2a8bd\/image\/i976856770bb34e4a\/version\/1515299849\/image.gif\" \/><\/figure>\n<div class=\"cc-clear\"><strong>Bildquelle:<\/strong> Tourismusverband Reutte, Fotografie Naturparkregion Reutte by Robert Eder<\/div>\n<\/div>\n<div id=\"cc-m-13876537935\" class=\"j-module n j-text\">\n<p style=\"text-align: center;\"><strong>Erkl\u00e4rung zur Informationspflicht (Datenschutzerkl\u00e4rung)<\/strong><\/p>\n<p style=\"text-align: center;\">Der Schutz Ihrer pers\u00f6nlichen Daten ist uns ein besonderes Anliegen. Wir verarbeiten Ihre Daten daher ausschlie\u00dflich auf Grundlage der gesetzlichen Bestimmungen (DSGVO, TKG 2003). In diesen Datenschutzinformationen informieren wir Sie \u00fcber die wichtigsten Aspekte der Datenverarbeitung im Rahmen unserer Website.<\/p>\n<p style=\"text-align: center;\"><strong>Kontakt mit uns<\/strong><\/p>\n<p style=\"text-align: center;\">Wenn Sie per Formular auf der Website oder per E-Mail Kontakt mit uns aufnehmen, werden Ihre angegebenen Daten zwecks Bearbeitung der Anfrage und f\u00fcr den Fall von Anschlussfragen sechs Monate bei uns gespeichert. Diese Daten geben wir nicht ohne Ihre Einwilligung weiter.<\/p>\n<p style=\"text-align: center;\"><strong>Datenspeicherung<\/strong><\/p>\n<p style=\"text-align: center;\">Wir weisen darauf hin, dass zum Zweck des einfacheren Einkaufsvorganges und zur sp\u00e4teren Vertragsabwicklung vom Webshop-Betreiber im Rahmen von Cookies die IP-Daten des Anschlussinhabers gespeichert werden, ebenso wie Name, Anschrift und Kreditkartennummer [\u2026] des K\u00e4ufers.<\/p>\n<p style=\"text-align: center;\"><strong>Cookies<\/strong><\/p>\n<p style=\"text-align: center;\">Unsere Website verwendet so genannte Cookies. Dabei handelt es sich um kleine Textdateien, die mit Hilfe des Browsers auf Ihrem Endger\u00e4t abgelegt werden. Sie richten keinen Schaden an. Wir nutzen Cookies dazu, unser Angebot nutzerfreundlich zu gestalten. Einige Cookies bleiben auf Ihrem Endger\u00e4t gespeichert, bis Sie diese l\u00f6schen. Sie erm\u00f6glichen es uns, Ihren Browser beim n\u00e4chsten Besuch wiederzuerkennen. Wenn Sie dies nicht w\u00fcnschen, so k\u00f6nnen Sie Ihren Browser so einrichten, dass er Sie \u00fcber das Setzen von Cookies informiert und Sie dies nur im Einzelfall erlauben. Bei der Deaktivierung von Cookies kann die Funktionalit\u00e4t unserer Website eingeschr\u00e4nkt sein.<\/p>\n<p style=\"text-align: center;\"><strong>Ihre Rechte<\/strong><\/p>\n<p style=\"text-align: center;\">Ihnen stehen grunds\u00e4tzlich die Rechte auf Auskunft, Berichtigung, L\u00f6schung, Einschr\u00e4nkung, Daten\u00fcbertragbarkeit, Widerruf und Widerspruch zu. Wenn Sie glauben, dass die Verarbeitung Ihrer Daten gegen das Datenschutzrecht verst\u00f6\u00dft oder Ihre datenschutzrechtlichen Anspr\u00fcche sonst in einer Weise verletzt worden sind, k\u00f6nnen Sie sich bei der Aufsichtsbeh\u00f6rde beschweren. In \u00d6sterreich ist dies die Datenschutzbeh\u00f6rde.<\/p>\n<p style=\"text-align: center;\"><strong>Sie erreichen uns unter folgenden Kontaktdaten<\/strong><\/p>\n<p style=\"text-align: center;\">Brigitte und Roland Mauracher<br \/>\nThanellerstra\u00dfe 17<br \/>\nA-6600 Pflach<\/p>\n<p style=\"text-align: center;\">E-Mail: mauracher.rene@gmail.com<br \/>\nTel: +43 699 11352211<\/p>\n<\/div>\n<p>[\/vc_column_text][\/vc_column][\/vc_row][vc_row][vc_column][vc_empty_space height=&#8221;20px&#8221;][\/vc_column][\/vc_row]<\/p>\n<\/div>","protected":false},"excerpt":{"rendered":"<p>[vc_row full_width=&#8221;stretch_row&#8221;][vc_column][vc_single_image image=&#8221;15&#8243; img_size=&#8221;full&#8221;][\/vc_column][\/vc_row][vc_row css=&#8221;.vc_custom_1573552220657{margin-top: -90px !important;}&#8221;][vc_column width=&#8221;1\/6&#8243;][\/vc_column][vc_column width=&#8221;2\/3&#8243;][vc_row_inner][vc_column_inner enable_column_shadowbox=&#8221;yes&#8221; css=&#8221;.vc_custom_1573552175175{padding-top: 20px !important;padding-right: 20px !important;padding-bottom:&#8230;<\/p>\n","protected":false},"author":1,"featured_media":0,"parent":0,"menu_order":0,"comment_status":"closed","ping_status":"closed","template":"","meta":{"footnotes":""},"class_list":["post-123","page","type-page","status-publish","hentry"],"_links":{"self":[{"href":"https:\/\/www.ferienwohnungen-brigitte-reutte.com\/en\/wp-json\/wp\/v2\/pages\/123","targetHints":{"allow":["GET"]}}],"collection":[{"href":"https:\/\/www.ferienwohnungen-brigitte-reutte.com\/en\/wp-json\/wp\/v2\/pages"}],"about":[{"href":"https:\/\/www.ferienwohnungen-brigitte-reutte.com\/en\/wp-json\/wp\/v2\/types\/page"}],"author":[{"embeddable":true,"href":"https:\/\/www.ferienwohnungen-brigitte-reutte.com\/en\/wp-json\/wp\/v2\/users\/1"}],"replies":[{"embeddable":true,"href":"https:\/\/www.ferienwohnungen-brigitte-reutte.com\/en\/wp-json\/wp\/v2\/comments?post=123"}],"version-history":[{"count":2,"href":"https:\/\/www.ferienwohnungen-brigitte-reutte.com\/en\/wp-json\/wp\/v2\/pages\/123\/revisions"}],"predecessor-version":[{"id":383,"href":"https:\/\/www.ferienwohnungen-brigitte-reutte.com\/en\/wp-json\/wp\/v2\/pages\/123\/revisions\/383"}],"wp:attachment":[{"href":"https:\/\/www.ferienwohnungen-brigitte-reutte.com\/en\/wp-json\/wp\/v2\/media?parent=123"}],"curies":[{"name":"wp","href":"https:\/\/api.w.org\/{rel}","templated":true}]}}

<div class="wpb-content-wrapper"><p>[vc_row full_width=&#8221;stretch_row&#8221;][vc_column][vc_single_image image=&#8221;15&#8243; img_size=&#8221;full&#8221;][/vc_column][/vc_row][vc_row css=&#8221;.vc_custom_1573552220657{margin-top: -90px !important;}&#8221;][vc_column width=&#8221;1/6&#8243;][/vc_column][vc_column width=&#8221;2/3&#8243;][vc_row_inner][vc_column_inner enable_column_shadowbox=&#8221;yes&#8221; css=&#8221;.vc_custom_1573552175175{padding-top: 20px !important;padding-right: 20px !important;padding-bottom: 20px !important;padding-left: 20px !important;background-color: #ffffff !important;}&#8221; column_box_shadow=&#8221;%5B%7B%22x_offset%22%3A%220px%22%2C%22y_offset%22%3A%220px%22%2C%22blur_radius%22%3A%2215px%22%2C%22spread_radius%22%3A%220px%22%2C%22shadow_color%22%3A%22rgba(43%2C%2043%2C%2043%2C%200.23)%22%7D%5D&#8221;][vc_column_text]</p>
<h2 style="text-align: center;">Datenschutzbestimmungen</h2>
<p style="text-align: center;"><span style="font-size: 24px; color: #8dc63f;">Stand 2019</span></p>
<p>[/vc_column_text][/vc_column_inner][/vc_row_inner][/vc_column][vc_column width=&#8221;1/6&#8243;][/vc_column][/vc_row][vc_row][vc_column][vc_empty_space height=&#8221;45px&#8221;][/vc_column][/vc_row][vc_row][vc_column][vc_column_text]</p>
<p style="text-align: center;">Haus Brigitte &#8211; Familie Mauracher<br />
Thanellerstraße 17<br />
A-6600 Pflach</p>
<p style="text-align: center;">E-Mail: mauracher.rene@gmail.com<br />
Tel: +43 699 11352211</p>
<p style="text-align: center;"><strong>Inhaber:</strong></p>
<p style="text-align: center;">Roland Mauracher<br />
Thanellerstraße 17<br />
A-6600 Pflach</p>
<p style="text-align: center;">Tirol/Österreich</p>
<p style="text-align: center;"><strong>Registereintrag:</strong> Eintragung Reutte<br />
<strong>UID:</strong> ATU31243106</p>
<div id="cc-m-13805940035" class="j-module n j-imageSubtitle" style="text-align: center;">
<figure class="cc-imagewrapper cc-m-image-align-1"><img decoding="async" id="cc-m-imagesubtitle-image-13805940035" src="https://image.jimcdn.com/app/cms/image/transf/none/path/s18f5f46c85d2a8bd/image/i976856770bb34e4a/version/1515299849/image.gif" sizes="(min-width: 169px) 169px, 100vw" srcset="https://image.jimcdn.com/app/cms/image/transf/none/path/s18f5f46c85d2a8bd/image/i976856770bb34e4a/version/1515299849/image.gif 169w" alt="" name="cc-m-imagesubtitle-image-13805940035" data-image-id="8514722835" data-src="https://image.jimcdn.com/app/cms/image/transf/none/path/s18f5f46c85d2a8bd/image/i976856770bb34e4a/version/1515299849/image.gif" data-src-height="23" data-src-width="169" data-pfsrc="https://image.jimcdn.com/app/cms/image/transf/none/path/s18f5f46c85d2a8bd/image/i976856770bb34e4a/version/1515299849/image.gif" /></figure>
<div class="cc-clear"><strong>Bildquelle:</strong> Tourismusverband Reutte, Fotografie Naturparkregion Reutte by Robert Eder</div>
</div>
<div id="cc-m-13876537935" class="j-module n j-text">
<p style="text-align: center;"><strong>Erklärung zur Informationspflicht (Datenschutzerklärung)</strong></p>
<p style="text-align: center;">Der Schutz Ihrer persönlichen Daten ist uns ein besonderes Anliegen. Wir verarbeiten Ihre Daten daher ausschließlich auf Grundlage der gesetzlichen Bestimmungen (DSGVO, TKG 2003). In diesen Datenschutzinformationen informieren wir Sie über die wichtigsten Aspekte der Datenverarbeitung im Rahmen unserer Website.</p>
<p style="text-align: center;"><strong>Kontakt mit uns</strong></p>
<p style="text-align: center;">Wenn Sie per Formular auf der Website oder per E-Mail Kontakt mit uns aufnehmen, werden Ihre angegebenen Daten zwecks Bearbeitung der Anfrage und für den Fall von Anschlussfragen sechs Monate bei uns gespeichert. Diese Daten geben wir nicht ohne Ihre Einwilligung weiter.</p>
<p style="text-align: center;"><strong>Datenspeicherung</strong></p>
<p style="text-align: center;">Wir weisen darauf hin, dass zum Zweck des einfacheren Einkaufsvorganges und zur späteren Vertragsabwicklung vom Webshop-Betreiber im Rahmen von Cookies die IP-Daten des Anschlussinhabers gespeichert werden, ebenso wie Name, Anschrift und Kreditkartennummer […] des Käufers.</p>
<p style="text-align: center;"><strong>Cookies</strong></p>
<p style="text-align: center;">Unsere Website verwendet so genannte Cookies. Dabei handelt es sich um kleine Textdateien, die mit Hilfe des Browsers auf Ihrem Endgerät abgelegt werden. Sie richten keinen Schaden an. Wir nutzen Cookies dazu, unser Angebot nutzerfreundlich zu gestalten. Einige Cookies bleiben auf Ihrem Endgerät gespeichert, bis Sie diese löschen. Sie ermöglichen es uns, Ihren Browser beim nächsten Besuch wiederzuerkennen. Wenn Sie dies nicht wünschen, so können Sie Ihren Browser so einrichten, dass er Sie über das Setzen von Cookies informiert und Sie dies nur im Einzelfall erlauben. Bei der Deaktivierung von Cookies kann die Funktionalität unserer Website eingeschränkt sein.</p>
<p style="text-align: center;"><strong>Ihre Rechte</strong></p>
<p style="text-align: center;">Ihnen stehen grundsätzlich die Rechte auf Auskunft, Berichtigung, Löschung, Einschränkung, Datenübertragbarkeit, Widerruf und Widerspruch zu. Wenn Sie glauben, dass die Verarbeitung Ihrer Daten gegen das Datenschutzrecht verstößt oder Ihre datenschutzrechtlichen Ansprüche sonst in einer Weise verletzt worden sind, können Sie sich bei der Aufsichtsbehörde beschweren. In Österreich ist dies die Datenschutzbehörde.</p>
<p style="text-align: center;"><strong>Sie erreichen uns unter folgenden Kontaktdaten</strong></p>
<p style="text-align: center;">Brigitte und Roland Mauracher<br />
Thanellerstraße 17<br />
A-6600 Pflach</p>
<p style="text-align: center;">E-Mail: mauracher.rene@gmail.com<br />
Tel: +43 699 11352211</p>
</div>
<p>[/vc_column_text][/vc_column][/vc_row][vc_row][vc_column][vc_empty_space height=&#8221;20px&#8221;][/vc_column][/vc_row]</p>
</div>
